-2*s**2 + 37*s - 165. Give k(11).
0
Let b(v) = v**2 + 10*v + 3. Calculate b(-11).
14
Let d(p) = 5*p + 19. Give d(11).
74
Let q(k) = 2*k + 42. What is q(-21)?
0
Let z(u) = u**3 + 2*u**2 + u - 7. Determine z(0).
-7
Let h(k) = k**3 - 12*k**2 + 17*k - 19. Calculate h(11).
47
Let s(l) = l**3 + 12*l**2 + 8*l - 11. Give s(-11).
22
Let u(f) = -2*f + 20. Give u(7).
6
Let v(z) = z**2 + z - 14. What is v(0)?
-14
Let x(q) = -15*q**2 - 40*q + 6. Determine x(-3).
-9
Let f(u) = -u**2 + u + 45. Determine f(0).
45
Let x(a) = 3*a - 61. What is x(4)?
-49
Let m(t) = -t**2 - 12*t + 4. Calculate m(-7).
39
Let y(c) = -c**3 + 13*c**2 + 17*c + 17. Determine y(14).
59
Let v(m) = -2*m - 11. Calculate v(-7).
3
Let i(t) = -2*t**2 - 2*t - 4. What is i(-3)?
-16
Let k(c) = c**3 + 4*c**2 - 13*c - 10. What is k(-6)?
-4
Let g(j) = j**3 + 5*j**2 + 11*j + 15. Determine g(-3).
0
Let k(j) = 7*j - 130. Determine k(24).
38
Let g(w) = 3*w**2 + 7*w + 13. Calculate g(-3).
19
Let d(n) = -n**2 + 7*n + 3. What is d(6)?
9
Let b(m) = m**2 + 16*m - 25. Calculate b(-18).
11
Let z(g) = g**2 - 5*g + 10. What is z(6)?
16
Let q(m) = -12*m + 355. What is q(29)?
7
Let t(m) = 3*m + 7. Give t(-8).
-17
Let o(p) = p + 11. Calculate o(-11).
0
Let c(a) = a + 4. Calculate c(5).
9
Let m(l) = -11*l**2 + 4*l - 1. What is m(3)?
-88
Let y(p) = 2*p**3 - 21*p**2 - 37*p + 8. Give y(12).
-4
Let s(o) = o**3 - o**2 + 2*o + 6. Give s(-2).
-10
Let d(b) = -b**2 + 8*b + 58. What is d(13)?
-7
Let v(w) = -w**3 - 5*w**2 - 2*w + 1. Determine v(-5).
11
Let v(h) = -h + 8. Calculate v(15).
-7
Let y(t) = -t**3 - 7*t**2 + 17*t + 4. What is y(-9)?
13
Let x(m) = 2*m**2 - 34*m - 80. Calculate x(19).
-4
Let w(k) = 2*k**3 - 6*k**2 + 6*k + 4. Calculate w(4).
60
Let h(m) = m**3 - 3*m**2 + 27*m - 84. Calculate h(4).
40
Let f(n) = 4*n**2 + 28*n + 5. Give f(-7).
5
Let w(o) = -o**2 + 8*o + 18. Determine w(-6).
-66
Let u(g) = g**3 - 10*g**2 - 8*g - 8. What is u(11)?
25
Let y(i) = -i**3 - 8*i**2 - 14*i - 24. Give y(-6).
-12
Let s(n) = n**2 - 8*n - 21. What is s(8)?
-21
Let u(z) = -10*z. Give u(7).
-70
Let z(g) = 3*g + 50. Give z(-18).
-4
Let s(h) = -8*h - 12. Determine s(-7).
44
Let o(s) = s**2 + 12*s + 21. Give o(-9).
-6
Let p(a) = a**2 - 45*a + 5. Give p(45).
5
Let h(r) = 3*r**2 + 34*r + 33. Determine h(-11).
22
Let l(g) = -g**2 - 23*g + 3. What is l(-23)?
3
Let v(x) = -12*x + 14. Give v(6).
-58
Let k(f) = -f**3 - f**2 - f + 2. Calculate k(-2).
8
Let l(p) = 3*p - 10. Give l(3).
-1
Let b(v) = v**2 - 5*v - 2. Determine b(6).
4
Let b(a) = a**2 - 6*a - 10. Give b(8).
6
Let b(i) = 2*i**2 + 11*i - 6. Calculate b(-8).
34
Let x(i) = -2*i + 37. Determine x(2).
33
Let d(y) = y**3 - 7*y**2 + 4*y + 3. Determine d(6).
-9
Let o(n) = n**3 - 22*n**2 + 2*n - 29. Calculate o(22).
15
Let g(y) = 7*y**3 - 35*y**2 + 3*y - 16. Calculate g(5).
-1
Let a(s) = -s**2 + 8*s. Give a(9).
-9
Let t(m) = -7*m**2 + 28*m - 1. What is t(4)?
-1
Let r(s) = 4*s - 13. What is r(-9)?
-49
Let b(s) = -s**3 + 13*s**2 - 12*s - 7. Give b(12).
-7
Let p(w) = -5*w**2 + w. Determine p(-1).
-6
Let i(d) = d**3 - 11*d**2 - 12*d - 4. Give i(12).
-4
Let u(s) = s**2 + 4*s - 3. Determine u(0).
-3
Let k(t) = t + 2. Calculate k(-1).
1
Let i(j) = j**3 - 13*j**2 - 2*j + 3. What is i(13)?
-23
Let c(z) = 7*z + 181. Determine c(-26).
-1
Let d(w) = 2*w - 3. Determine d(3).
3
Let f(q) = -29*q - 1. Determine f(2).
-59
Let d(k) = k**3 + k**2. Calculate d(-1).
0
Let n(j) = 2*j + 56. Give n(-26).
4
Let y(l) = l**3 - 2*l**2 - 16*l + 28. What is y(4)?
-4
Let n(k) = -k**3 + 4*k**2 + 7*k - 17. Determine n(5).
-7
Let t(w) = -w + 25. Give t(-4).
29
Let y(r) = -r**3 - 5*r**2 + 6*r + 3. Give y(-6).
3
Let b(j) = j**3 - j**2 - 2*j - 1. Determine b(0).
-1
Let k(g) = 3*g**3 - 3*g**2 - 3*g - 6. Calculate k(4).
126
Let r(s) = -s**2 + 10*s - 6. Give r(9).
3
Let t(j) = j**3 - 4*j**2 - j - 2. Give t(4).
-6
Let n(g) = g**2 - 9*g - 1. Calculate n(6).
-19
Let z(y) = y**3 - 5*y**2 - 18*y + 29. What is z(7)?
1
Let n(d) = d**2 - 17*d - 53. Calculate n(20).
7
Let x(j) = -2*j**3 + 2*j**2 - 3*j - 3. Calculate x(-2).
27
Let s(k) = k**3 + 8*k**2 + 4*k - 10. What is s(-8)?
-42
Let t(q) = -q + 7. Determine t(12).
-5
Let k(l) = 3*l - 32. What is k(17)?
19
Let q(b) = -b**3 - 2*b**2 - 2*b - 1. Calculate q(-2).
3
Let k(b) = -b**3 + 8*b**2 + 1. Calculate k(7).
50
Let b(o) = -6*o + 5. Calculate b(-5).
35
Let a(d) = 6*d**2 + 3*d + 1. Determine a(-3).
46
Let c(q) = -q**2 - 4*q + 36. Give c(-8).
4
Let j(m) = 2*m + 61. Calculate j(-28).
5
Let q(d) = -d - 12. Give q(-6).
-6
Let b(s) = -s**3 - 27*s**2 + 21*s - 16. Calculate b(-28).
180
Let v(g) = -g**2 - g - 15. Calculate v(0).
-15
Let x(b) = -b**3 + 25*b**2 + 24*b + 61. What is x(26)?
9
Let b(d) = -d**2 + 19*d - 38. Give b(17).
-4
Let t(p) = p**3 - p**2 - 5*p + 6. Give t(3).
9
Let p(b) = -6*b**3 - 3*b**2 + 4*b - 6. What is p(2)?
-58
Let v(h) = -h**2 - 5*h + 3. What is v(-8)?
-21
Let h(m) = m**3 + 3*m - 13. Give h(0).
-13
Let n(i) = 8*i + 10. What is n(3)?
34
Let j(q) = -30*q - 17. Give j(0).
-17
Let a(p) = -3*p**2 + 25*p - 41. Give a(6).
1
Let y(f) = -9*f - 32. What is y(-4)?
4
Let q(n) = 2*n - 43. Give q(12).
-19
Let g(s) = 44*s - 1888. Give g(43).
4
Let h(s) = -s**3 + 8*s**2 - 8*s - 5. Determine h(6).
19
Let n(j) = j**3 - 6*j**2 + 4*j - 2. Determine n(6).
22
Let a(d) = d**3 - 10*d**2 - 15*d + 25. Calculate a(11).
-19
Let n(f) = -30*f**3 - f. Calculate n(-1).
31
Let i(k) = -6*k**2 - 2*k + 1. Determine i(2).
-27
Let c(p) = p**3 - 3*p**2 - 10*p + 3. What is c(5)?
3
Let a(p) = 28*p**2 - 2*p. What is a(1)?
26
Let o(d) = 3*d**2 - 16. Give o(-5).
59
Let v(r) = -r**3 - 9*r**2 - 20*r + 5. Determine v(-6).
17
Let o(c) = c**2 + 26*c + 83. Give o(-22).
-5
Let u(c) = -c**3 - 2*c**2 + c - 1. What is u(-2)?
-3
Let d(t) = 3*t. Determine d(6).
18
Let l(b) = b**2 - 43*b + 41. What is l(42)?
-1
Let b(h) = h**3 - 18*h**2 + 25*h + 3. Calculate b(16).
-109
Let z(t) = -t. Calculate z(-4).
4
Let u(o) = 17*o**2 + 2*o + 1. What is u(2)?
73
Let h(p) = p**3 + 33*p**2 - 33*p + 48. What is h(-34)?
14
Let i(v) = v**3 - 5*v**2 - 9*v + 7. Determine i(6).
-11
Let v(r) = -15*r - 120. What is v(-10)?
30
Let l(p) = -p**2 + 4*p + 12. Determine l(-4).
-20
Let o(i) = -i**3 + 5*i**2 + 6*i - 7. Determine o(3).
29
Let t(c) = c**3 + 9*c**2 - 10*c + 8. Give t(-9).
98
Let f(i) = -i**3 - 11*i**2. Determine f(-11).
0
Let a(s) = -s**3 + 8*s**2 - s + 8. Calculate a(7).
50
Let p(m) = 60*m - 6. What is p(2)?
114
Let u(h) = -h**3 - 8*h**2 + 14. Determine u(-8).
14
Let i(h) = 97*h**2 - h. Determine i(1).
96
Let j(w) = 3*w**3 - 44*w**2 + 27*w + 22. Calculate j(14).
8
Let l(p) = -p**3 - 7*p**2 - 3*p - 13. Calculate l(-7).
8
Let n(q) = -3*q**3 - 16*q**2 - 2*q + 26. Determine n(-5).
11
Let p(q) = 28*q - 91. What is p(4)?
21
Let s(k) = 2*k + 1. What is s(0)?
1
Let h(p) = -p**3 - 5*p**2 + 4*p + 5. Calculate h(-6).
17
Let u(l) = 9*l - 3. Give u(3).
24
Let l(p) = -2*p**2 + p + 2. Give l(2).
-4
Let s(k) = k**2 + 19*k + 20. What is s(-18)?
2
Let q(o) = o**2 + 4. What is q(-4)?
20
Let k(i) = -14*i**2 - 179*i + 180. Calculate k(1).
-13
Let r(q) = q**3 + 7*q**2 + 9*q - 4. Calculate r(-5).
1
Let y(z) = z + 6. Determine y(-9).
-3
Let h(k) = -2*k**2 - 15*k - 6. Give h(-7).
1
Let k(w) = -w**3 - 7*w**2 + 3*w - 4. Calculate k(-6).
-58
Let q(v) = 6*v. Calculate q(-2).
-12
Let p(l) = 22*l**2 + l. Calculate p(1).
23
Let g(d) = 2*d**2 + 38*d + 14. Give g(-19).
14
Let o(t) = -2*t - 2. What is o(0)?
-2
Let q(s) = -s**2 - 6*s + 12. Calculate q(-7).
5
Let f(i) = -i**2 - i - 4. Determine f(-3).
-10
Let j(h) = h**3 - 5*h**2 + 3*h + 3. Calculate j(3).
-6
Let l(s) = s**2 - 30. Determine l(-6).
6
Let w(v) = 23*v + 5. What is w(-1)?
-18
Let a(t) = -t**2 - 26*t - 35. Calculate a(-26).
-35
Let o(l) = -13*l + 18. What is o(5)?
-47
Let d(h) = -h**3 - 26*h**2 - 3*h - 72. Calculate d(-26).
6
Let v(q) = -9*q + 7. What is v(1)?
-2
Let p(d) = -d + 29. Give p(37).
-8
Let c(z) = -2*z - 11. Calculate c(0).
-11
Let g(b) = 26*b - 1. Calculate g(-1).
-27
Let a(c) = -2*c**2 + 48*c + 42. Give a(25).
-8
Let l(z) = -z**3 - 4*z**2 + 9. Determine l(-6).
81
Let t(b) = -3*b**3 + 35*b**2 + 10*b + 23. What is t(12)?
-1
Let x(l) = -3*l + 69. Calculate x(21).
6
Let d(h) = -9*h**2 + 3*h + 1. Calculate d(-2).
-41
Let r(u) = u**2 - 3*u - 8. Give r(9).
46
Let h(l) = -9*l - 12. What is h(-5)?
33
Let b(i) = -i 